hen 34 is divided by 13?
8
Calculate the remainder when 2917 is divided by 81.
1
Calculate the remainder when 119 is divided by 10.
9
What is the remainder when 248 is divided by 63?
59
Calculate the remainder when 848 is divided by 278.
14
What is the remainder when 1403 is divided by 19?
16
What is the remainder when 351 is divided by 91?
78
Calculate the remainder when 2313 is divided by 16.
9
Calculate the remainder when 3195 is divided by 122.
23
What is the remainder when 159 is divided by 1?
0
Calculate the remainder when 366 is divided by 159.
48
Calculate the remainder when 112 is divided by 23.
20
What is the remainder when 559 is divided by 56?
55
What is the remainder when 1010 is divided by 22?
20
What is the remainder when 20319 is divided by 127?
126
What is the remainder when 1338 is divided by 121?
7
What is the remainder when 271 is divided by 71?
58
What is the remainder when 1342 is divided by 146?
28
Calculate the remainder when 782 is divided by 279.
224
Calculate the remainder when 229 is divided by 7.
5
Calculate the remainder when 5489 is divided by 20.
9
Calculate the remainder when 1226 is divided by 67.
20
What is the remainder when 235 is divided by 83?
69
What is the remainder when 16 is divided by 13?
3
What is the remainder when 598 is divided by 15?
13
Calculate the remainder when 4422 is divided by 59.
56
What is the remainder when 1038 is divided by 70?
58
What is the remainder when 4434 is divided by 51?
48
What is the remainder when 283 is divided by 15?
13
What is the remainder when 912 is divided by 91?
2
What is the remainder when 226 is divided by 115?
111
What is the remainder when 16575 is divided by 448?
447
What is the remainder when 325 is divided by 16?
5
What is the remainder when 878 is divided by 229?
191
Calculate the remainder when 59 is divided by 27.
5
Calculate the remainder when 71 is divided by 35.
1
What is the remainder when 8641 is divided by 13?
9
What is the remainder when 339 is divided by 94?
57
What is the remainder when 565 is divided by 189?
187
What is the remainder when 3885 is divided by 54?
51
Calculate the remainder when 2720 is divided by 121.
58
Calculate the remainder when 164 is divided by 6.
2
What is the remainder when 203 is divided by 97?
9
Calculate the remainder when 1012 is divided by 68.
60
Calculate the remainder when 283 is divided by 87.
22
What is the remainder when 340 is divided by 8?
4
Calculate the remainder when 1036 is divided by 344.
4
What is the remainder when 233 is divided by 27?
17
Calculate the remainder when 105 is divided by 37.
31
Calculate the remainder when 216 is divided by 69.
9
What is the remainder when 829 is divided by 458?
371
Calculate the remainder when 44974 is divided by 24.
22
What is the remainder when 5048 is divided by 17?
16
What is the remainder when 253 is divided by 16?
13
Calculate the remainder when 120 is divided by 14.
8
Calculate the remainder when 162 is divided by 28.
22
Calculate the remainder when 1590 is divided by 316.
10
What is the remainder when 4029 is divided by 139?
137
What is the remainder when 103 is divided by 42?
19
What is the remainder when 370 is divided by 128?
114
What is the remainder when 2283 is divided by 82?
69
Calculate the remainder when 102 is divided by 7.
4
Calculate the remainder when 104 is divided by 101.
3
Calculate the remainder when 118 is divided by 35.
13
Calculate the remainder when 383 is divided by 12.
11
Calculate the remainder when 21 is divided by 17.
4
What is the remainder when 642 is divided by 14?
12
Calculate the remainder when 62 is divided by 21.
20
Calculate the remainder when 99 is divided by 21.
15
Calculate the remainder when 874 is divided by 80.
74
What is the remainder when 1016 is divided by 93?
86
Calculate the remainder when 5297 is divided by 57.
53
What is the remainder when 5453 is divided by 60?
53
What is the remainder when 1936 is divided by 149?
148
What is the remainder when 181 is divided by 23?
20
Calculate the remainder when 123 is divided by 4.
3
Calculate the remainder when 4013 is divided by 55.
53
Calculate the remainder when 1423 is divided by 240.
223
Calculate the remainder when 79 is divided by 22.
13
Calculate the remainder when 198 is divided by 8.
6
What is the remainder when 1536 is divided by 53?
52
What is the remainder when 584 is divided by 289?
6
Calculate the remainder when 260 is divided by 68.
56
Calculate the remainder when 1049 is divided by 346.
11
What is the remainder when 8 is divided by 2?
0
Calculate the remainder when 273 is divided by 31.
25
Calculate the remainder when 152 is divided by 6.
2
Calculate the remainder when 418 is divided by 47.
42
Calculate the remainder when 1831 is divided by 9.
4
Calculate the remainder when 427 is divided by 13.
11
Calculate the remainder when 249 is divided by 106.
37
Calculate the remainder when 956 is divided by 186.
26
What is the remainder when 446 is divided by 142?
20
Calculate the remainder when 46 is divided by 12.
10
What is the remainder when 817 is divided by 25?
17
What is the remainder when 4605 is divided by 149?
135
Calculate the remainder when 2000 is divided by 34.
28
What is the remainder when 453 is divided by 80?
53
Calculate the remainder when 81 is divided by 45.
36
What is the remainder when 132 is divided by 10?
2
What is the remainder when 737 is divided by 20?
17
Calculate the remainder when 221 is divided by 7.
4
Calculate the remainder when 303 is divided by 14.
9
What is the remainder when 12239 is divided by 36?
35
What is the remainder when 504 is divided by 217?
70
What is the remainder when 221 is divided by 57?
50
Calculate the remainder when 57 is divided by 15.
12
What is the remainder when 6179 is divided by 37?
0
What is the remainder when 4348 is divided by 50?
48
Calculate the remainder when 154 is divided by 56.
42
What is the remainder when 42 is divided by 9?
6
Calculate the remainder when 642 is divided by 159.
6
What is the remainder when 135 is divided by 8?
7
What is the remainder when 66 is divided by 45?
21
What is the remainder when 418 is divided by 44?
22
Calculate the remainder when 130 is divided by 6.
4
Calculate the remainder when 4464 is divided by 4453.
11
What is the remainder when 40 is divided by 16?
8
Calculate the remainder when 519 is divided by 60.
39
Calculate the remainder when 498 is divided by 88.
58
What is the remainder when 672 is divided by 104?
48
What is the remainder when 754 is divided by 47?
2
Calculate the remainder when 35 is divided by 11.
2
What is the remainder when 58 is divided by 36?
22
What is the remainder when 249 is divided by 129?
120
What is the remainder when 270 is divided by 3?
0
What is the remainder when 515 is divided by 113?
63
Calculate the remainder when 342 is divided by 43.
41
Calculate the remainder when 41 is divided by 7.
6
What is the remainder when 167 is divided by 2?
1
Calculate the remainder when 571 is divided by 130.
51
Calculate the remainder when 245 is divided by 43.
30
What is the remainder when 1522 is divided by 91?
66
What is the remainder when 34 is divided by 5?
4
What is the remainder when 275 is divided by 28?
23
What is the remainder when 385 is divided by 168?
49
What is the remainder when 215 is divided by 97?
21
What is the remainder when 443 is divided by 149?
145
What is the remainder when 363 is divided by 9?
3
Calculate the remainder when 56 is divided by 32.
24
What is the remainder when 99 is divided by 39?
21
What is the remainder when 13383 is divided by 194?
191
What is the remainder when 12917 is divided by 4304?
5
Calculate the remainder when 136 is divided by 65.
6
What is the remainder when 518 is divided by 176?
166
Calculate the remainder when 579 is divided by 39.
33
What is the remainder when 50298 is divided by 10?
8
Calculate the remainder when 62 is divided by 25.
12
What is the remainder when 984 is divided by 256?
216
What is the remainder when 100 is divided by 7?
2
Calculate the remainder when 161 is divided by 74.
13
What is the remainder when 194 is divided by 98?
96
What is the remainder when 500 is divided by 101?
96
What is the remainder when 30652 is divided by 78?
76
What is the remainder when 1786 is divided by 40?
